2. Suppose 8 = -w - w + 2*t, 12 = 2*w + 3*t. What are the prime factors of j(w)?
3
Let r = -92 + 167. List the prime factors of r.
3, 5
Let b(j) = -5*j - 17. What are the prime factors of b(-10)?
3, 11
Let v(f) = -f**2 + 4 + 0*f**2 + f + 6*f. What are the prime factors of v(6)?
2, 5
Suppose 5*l - 310 = -3*h, l + 66 = 2*h - 158. List the prime factors of h.
2, 5, 11
Suppose g + 3 = 57. What are the prime factors of g?
2, 3
Let q = 8 + -5. Suppose 274 = 4*a + q*i + 86, 2*a - 3*i = 76. List the prime factors of a.
2, 11
Suppose 3*x - 5 = -4*s + 6, -3*x + 5 = s. Suppose -s*z - 4*m = -16, -z + 5*z = 2*m + 42. What are the prime factors of z?
2, 5
What are the prime factors of (64/40)/(3/60)?
2
Let k(s) = -s**2 - 11*s - 16. Let a be k(-11). Let r be (-1)/4 + (-148)/a. Let d = r + -5. List the prime factors of d.
2
Suppose -178 = -5*i + t + 3*t, -4*i - 3*t = -130. What are the prime factors of i?
2, 17
Suppose -3*z + 12 = 0, z = -2*h - z + 20. Suppose -d = -h*d. Suppose -2*x - 4*y + 10 - 2 = d, 4*x - 4 = 4*y. List the prime factors of x.
2
Suppose w + 20 = 6*w. Let u = w - -15. List the prime factors of u.
19
Let b be (-2)/5 - (-284)/10. Suppose -2*u = u - 3. List the prime factors of u/((10/b)/5).
2, 7
Let r = 143 + -71. Let w = -43 + r. What are the prime factors of w?
29
Let t = 9 - 4. Let n = t + -3. Suppose x = -n*x + 24. What are the prime factors of x?
2
Suppose 5*t - 40 = -0*t. Let l = t - 6. What are the prime factors of l?
2
Suppose 3*p - 10 - 32 = 0. What are the prime factors of p?
2, 7
Suppose 5*d = 3*y - 122, 5*y - 306 + 84 = -d. List the prime factors of y.
2, 11
Let b(k) = k + 146. Let l be b(0). Suppose -5*s + l = -44. List the prime factors of s.
2, 19
Let c = 1 + 0. Let b be -2*(3 - (1 + c)). What are the prime factors of 4/(b/(2 - 3))?
2
Let d be 4/10 - (-13)/5. Suppose 5*i + 4*x = d*i + 52, -i = -x - 17. Suppose -10 = -5*s + i. List the prime factors of s.
2, 3
Let x(w) be the third derivative of 2*w**2 - 1/4*w**4 + 1/60*w**5 + 0 - 1/2*w**3 + 0*w. What are the prime factors of x(7)?
2
Let q = 38 + -6. List the prime factors of q.
2
Let m(v) be the second derivative of -v**4/12 + 2*v**3/3 - 3*v**2/2 + 4*v. Let y be m(2). Suppose -d + y = -4. List the prime factors of d.
5
Suppose 0*o - y - 83 = -4*o, 3*o = 3*y + 69. Suppose -2*k + a = -15 - 2, 0 = 5*k + 5*a - o. List the prime factors of k.
7
Suppose k + 2 = 0, 2*x - 277 = -x + 2*k. List the prime factors of x.
7, 13
List the prime factors of (1 - -2) + 0/(-5) + 162.
3, 5, 11
Suppose -2*s + 45 = 3*t, 2*s = -4*t + 18 + 26. Suppose 2*g = -g + s. List the prime factors of (g - (-2 + 1)) + 0.
3
Let s = -2 - -7. Suppose -3*u = -2*m + 11 + 4, -2*u = -5*m + 10. Let t = m + s. What are the prime factors of t?
5
Let o(r) = -r + 5. Let a be o(0). Suppose 5*t = 3*c - 61, -a*c = -0*c - 4*t - 80. Suppose -3*h + c = -0*h. What are the prime factors of h?
2
Let p(q) = 16*q**2 - 19*q - 24. Let i(w) = -3*w**2 + 4*w + 5. Let t(r) = 11*i(r) + 2*p(r). Let n be t(7). Suppose -m + n = -7. What are the prime factors of m?
7
Suppose p + 5*r - 6 - 8 = 0, -4*r + 8 = 0. What are the prime factors of 1*2 - (p - 6)?
2
Let j(v) = 2*v**2 - 12*v + 4. Let a be j(6). Let y = 9 - a. What are the prime factors of y?
5
Let m(w) = w**3 + 6*w**2 + 6*w + 5. Let p be m(-5). Suppose p = g - 13 - 1. What are the prime factors of g?
2, 7
Suppose -12 = -4*i - u, 5*i - 15 = -5*u + u. List the prime factors of 19 + (i - -3 - 3).
2, 11
List the prime factors of 2/(-4)*-26 - 1*-1.
2, 7
Let i = 27 - -53. List the prime factors of i.
2, 5
Suppose -5*t = 2*r + 18, 0*r + 2*t = r. Let s be 31/11 + r/(-22). Suppose -3 = -s*g - 3*n, -5*n - 3 = 3*g - 0*n. What are the prime factors of g?
2
Suppose -c + 4 = -31. What are the prime factors of c - 2*(-9)/6?
2, 19
Suppose q = -3*i + 198, 0 = 4*i + i + 2*q - 330. What are the prime factors of i?
2, 3, 11
Let z(q) = 2*q**3. Let y be z(1). Suppose y*m + m - 45 = 0. Let s = m + -10. What are the prime factors of s?
5
Let j(c) = 43*c**3 + c - 1. List the prime factors of j(1).
43
Suppose 4*z + 3*l = 292 + 236, -z - l + 132 = 0. List the prime factors of (-4)/(-12)*z/1.
2, 11
Let w be (-1)/((0 - 3)/159). Let c = w - 19. List the prime factors of c.
2, 17
List the prime factors of ((-21)/(-2))/((-16)/(-96)).
3, 7
Let n be (-1)/(-4) + (-19)/(-4). Let k = n - 8. What are the prime factors of 2*k/(-6) + 1?
2
Let k(d) = -d**3 + 8*d**2 + 10*d + 3. Let f be 63/2 - (-4)/(-8). Suppose w - 3*c - 2 - 4 = 0, 3*w - f = -4*c. What are the prime factors of k(w)?
2, 3
Let m(y) = 5*y**2 - 5*y + 6. What are the prime factors of m(4)?
2, 3, 11
Suppose 6*r + 27 = 5*r. List the prime factors of (-2)/(2/r*3).
3
Let y = 13 - 38. Let d(p) = -p - 4. Let r be d(9). Let k = r - y. List the prime factors of k.
2, 3
Suppose -5*y + 0*y = -5*o + 170, 3*y = -9. Suppose r - 31 = 4*a, 0*r - 5*a = -r + o. What are the prime factors of r?
31
Let z = 3 + 1. Suppose -3*l = z*i + 3 + 2, 5*i + 5 = -4*l. Suppose 4*n = 4*a + 28, 0 = -2*n + l*a + 23 - 3. What are the prime factors of n?
5
What are the prime factors of (60/27)/10 + (-736)/(-9)?
2, 41
Suppose -3*v = -3*m - 6, 0 = -m - v + 3*v - 6. Suppose 5*c - 10 = 0, 0 = m*a - 7*a - 4*c + 78. List the prime factors of a.
2, 7
Suppose 31*l - 26*l = 900. List the prime factors of l.
2, 3, 5
Let i be 2*4/(-8) - -176. What are the prime factors of i/21 - 2/6?
2
Suppose 16 = 5*h - 3*h. What are the prime factors of h?
2
Let g = -14 - -54. What are the prime factors of g?
2, 5
Let p = 84 + -48. List the prime factors of p.
2, 3
List the prime factors of 18/24 + 10/8.
2
Let o be -3*(-6)/(-9) - -10. Let y = o + -6. Suppose y*d + 22 = 4*d. List the prime factors of d.
11
Suppose 4*d - 2*a = 0, a - 6*a - 11 = d. Let h = -78 + 38. List the prime factors of (h/(-4))/(d/(-1)).
2, 5
Suppose 15*q = 11*q + 192. List the prime factors of q.
2, 3
Suppose i = -3*i - 4*f + 76, 2*f = -i + 23. List the prime factors of i.
3, 5
Let q be 9/(-12) - (-6)/8. Suppose 3*u = 5*a - 18, u - 3*a + 10 = -q*u. Let b(y) = 4*y**2 + y. List the prime factors of b(u).
3
Let j(y) be the third derivative of -y**4/24 + 3*y**3/2 + y**2. Let l be j(-7). Suppose -5*v - 3*h + h = -48, 0 = -4*h + l. What are the prime factors of v?
2
Suppose 689 - 2049 = -5*b. List the prime factors of b.
2, 17
List the prime factors of (-55)/(-33) - 193/(-3).
2, 3, 11
Suppose -14*l + 3*l = -3289. What are the prime factors of l?
13, 23
Let k(f) = 28*f - 7. What are the prime factors of k(2)?
7
Let o(j) = j + 5. List the prime factors of o(0).
5
Suppose -3*c = -21 - 45. What are the prime factors of c?
2, 11
Let i be (-16)/(-56) + (-52)/(-14). What are the prime factors of 11 - 2/i*4?
3
Let u(k) = 2*k**2 + 4*k - 5. Let m be 2 - -1*(2 + 0). Suppose -2*g + 3*g + m = 0. List the prime factors of u(g).
11
Suppose 75 = 2*x + x. Suppose -2*b + 47 = -x. Suppose 2*h = 2 + b. What are the prime factors of h?
19
Suppose 53 + 3 = 2*p. List the prime factors of p.
2, 7
Let n(a) = 5*a**2 - 13*a + 1. List the prime factors of n(8).
7, 31
Let g(x) = x**3 + 8*x**2 - 9*x + 7. Let r be g(-9). Let b(w) = -5*w + 2. Let o be b(r). What are the prime factors of (-1)/(((-3)/o)/(-1))?
11
Suppose 73 = 4*q - 175. Suppose 0 = 4*m - q + 10. What are the prime factors of m?
13
Suppose -5*h - 54 = 5*o - 14, 4*o - 4*h = -32. Let r be (-24)/(-9)*54/o. Let x = -6 - r. List the prime factors of x.
2, 3
Suppose 26*i - 25*i = 4. Let u(a) = 5*a - 10. List the prime factors of u(i).
2, 5
Suppose 3*b + 2*k - 215 = 0, -4*b - 3*k = k - 288. List the prime factors of b.
71
Suppose r - 21 = -8. Let j = r - 5. List the prime factors of j.
2
Suppose -27 = -3*a - q, 3*a - 2*q - 12 = 2*q. Suppose -3*o = -7*o - a. What are the prime factors of -2*(-4 + (0 - o))?
2
Let f(r) = -r - 4. Let u be f(-9). Suppose -u*o + 3*v + 65 = 0, -v + 16 + 21 = 2*o. What are the prime factors of o?
2
Let b(a) be the third derivative of 0*a - 1/3*a**3 - 4*a**2 + 0 + 0*a**4 + 1/60*a**5. What are the prime factors of b(-3)?
7
Let s(h) = h - 1. Let m(n) = -n. Let g = -4 + 3. Let d(q) = g*s(q) - 3*m(q). What are the prime factors of d(5)?
11
Suppose 3*m - j - 10 = 0, 0*j = -4*m - 2*j + 30. Suppose 0 = h - 5 - m. List the prime factors of h.
2, 5
Let m be 10*(1 - 3/5). Let y(o) = -o**3 + 4*o**2 + 2*o + 3. Let h be y(m)